0).
7
Let f(z) = -z**3 - 10*z**2 + 12*z + 8. Give f(-11).
-3
Let c(q) = -5*q + 2. Determine c(12).
-58
Let z(x) = -x**2 - 3*x + 6. Give z(3).
-12
Let x(g) = -3*g - 91. What is x(-33)?
8
Let w(t) = 2*t**2 + 22*t - 86. Calculate w(-14).
-2
Let z(f) = 4*f - 9. Give z(18).
63
Let r(m) = m**2 - 2*m - 8. Calculate r(-6).
40
Let y(x) = -18*x + 23. What is y(3)?
-31
Let i(g) = -90*g**2 + 2*g - 2. Calculate i(1).
-90
Let s(d) = -19*d + 1484. Calculate s(78).
2
Let k(w) = w**2 - 11*w + 44. Calculate k(4).
16
Let p(h) = 2*h**3 - 3*h**2 - h + 2. Give p(2).
4
Let t(v) = 4*v - 18. What is t(7)?
10
Let u(j) = j**2 + 18*j + 9. Give u(-15).
-36
Let m(u) = 2*u + 2. Determine m(0).
2
Let g(p) = 4*p - 32. Give g(15).
28
Let o(k) = -48*k - 1047. What is o(-22)?
9
Let a(p) = p**3 + 8*p**2 + 5*p + 4. What is a(-3)?
34
Let r(d) = 52*d - 289. Determine r(6).
23
Let c(w) = 2*w + 24. Give c(7).
38
Let y(v) = -51*v - 361. What is y(-7)?
-4
Let y(d) = -29*d**2 - 25*d - 1. What is y(-1)?
-5
Let p(y) = -y**3 - 8*y**2 - 12*y - 16. Give p(-6).
-16
Let t(d) = -d**2 - 11*d + 29. What is t(-13)?
3
Let x(q) = q**2 - 8*q - 8. What is x(8)?
-8
Let t(r) = 186*r - 751. Give t(4).
-7
Let i(m) = -2*m**2 + 6*m + 4. What is i(3)?
4
Let c(t) = -t**2 - t + 17. Calculate c(0).
17
Let f(k) = 26*k**2 - 2*k - 1. Give f(-1).
27
Let c(x) = -x**3 + 6*x**2 - 8*x + 7. Calculate c(5).
-8
Let i(m) = -53*m**3 + 2*m**2 - m - 2. Give i(-1).
54
Let y(u) = 18*u + 85. Determine y(-9).
-77
Let c(j) = j**3 - 7*j**2 - 9*j - 4. Give c(8).
-12
Let z(v) = v**2 + 75*v + 150. Calculate z(-2).
4
Let m(j) = j**2 - 5*j - 24. Give m(7).
-10
Let b(i) = -i**3 + 8*i**2 + 10*i - 6. Give b(9).
3
Let g(r) = -r**2 - 8*r + 46. Give g(-13).
-19
Let j(d) = 13*d + 110. Calculate j(-6).
32
Let m(v) = -v**2 - 9*v - 1. Calculate m(-8).
7
Let j(d) = d**3 + 4*d**2 + 2*d - 5. Calculate j(-4).
-13
Let v(r) = r**3 + 6*r**2 + 7. What is v(-6)?
7
Let t(c) = c**2 - 4*c - 10. Give t(-3).
11
Let c(p) = -p - 25. Give c(-13).
-12
Let b(u) = u**2 + 8. What is b(-7)?
57
Let c(a) = 4*a - 4. What is c(3)?
8
Let g(r) = 2*r + 5. Give g(-7).
-9
Let u(d) = 5*d - 15. Determine u(4).
5
Let g(i) = i. Calculate g(-3).
-3
Let o(w) = -2*w**3 + 7*w**2 + 4*w + 10. Give o(4).
10
Let d(h) = -h**3 - 3*h - 3. What is d(-1)?
1
Let p(l) = l**3 - 4*l**2 - 6. Determine p(5).
19
Let t(f) = -f + 12. Determine t(7).
5
Let x(a) = 2*a - 6. What is x(-1)?
-8
Let f(z) = -2*z - 3. Calculate f(-6).
9
Let l(o) = o**3 - 5*o**2 + 3*o + 1. What is l(4)?
-3
Let h(m) = -3*m + 7. Give h(6).
-11
Let l(y) = -y**2 - 7*y - 15. Calculate l(-12).
-75
Let m(q) = q**2. Give m(0).
0
Let p(v) = -63*v + 314. What is p(5)?
-1
Let y(f) = f - 20. Determine y(21).
1
Let p(w) = -12*w - 3. Calculate p(-1).
9
Let g(j) = j**2 - 5*j - 12. Calculate g(8).
12
Let t(z) = z**3 + 18*z**2 + 29*z - 30. What is t(-16)?
18
Let m(f) = f**3 + 8*f**2 + 4*f - 14. Give m(-7).
7
Let m(l) = -l**2 + 12*l + 15. Give m(14).
-13
Let i(u) = -u**2 + u - 2. Calculate i(1).
-2
Let i(w) = 5*w + 12. What is i(9)?
57
Let c(j) = -2*j - 12. Give c(-8).
4
Let s(p) = -27*p + 798. Calculate s(30).
-12
Let w(a) = a**3 - 21*a**2 - 21*a + 4. What is w(22)?
26
Let n(g) = 8*g - 74. Determine n(7).
-18
Let w(n) = 15*n**2 + 1. Calculate w(-1).
16
Let f(n) = -n**3 + 10*n**2 + 14*n - 3. What is f(11)?
30
Let h(t) = 3*t**2 - t + 1. Determine h(2).
11
Let m(f) = -5*f - 9. Determine m(-3).
6
Let r(j) = -j**2 + 16*j - 25. What is r(15)?
-10
Let d(y) = -5*y**3 + 3*y + 4. What is d(-2)?
38
Let y(r) = -2*r**2 - 6*r - 1. What is y(-4)?
-9
Let u(s) = -40*s**3 - 8*s**2 + 7*s + 2. Determine u(1).
-39
Let d(v) = -v**3 + 6*v - 7. Determine d(2).
-3
Let l(m) = -17*m - 64. Give l(-4).
4
Let t(i) = 6*i**3 + i**2 - 1. Give t(-1).
-6
Let i(k) = -k**2 - 6*k + 1. Give i(-7).
-6
Let w(b) = -b**3 + 8*b**2 - 5*b - 3. Calculate w(8).
-43
Let d(a) = -2*a**3 - 3*a**2 + a - 8. Give d(-3).
16
Let c(t) = t**3 - 5*t**2 + 7*t - 4. What is c(2)?
-2
Let u(f) = 25*f - 2. Calculate u(-2).
-52
Let j(m) = 5*m + 2. Determine j(-1).
-3
Let v(o) = o**2 + 2*o - 62. Determine v(-9).
1
Let v(u) = 15*u - 192. Calculate v(13).
3
Let z(u) = 2*u**2 - 2*u. Give z(-2).
12
Let h(u) = u**3 + 7*u**2 + 8*u - 8. Give h(-5).
2
Let p(b) = b + 6. Calculate p(10).
16
Let n(i) = 14*i**3 - i**2. Give n(-1).
-15
Let x(z) = 14*z + 24. Give x(0).
24
Let u(x) = 3*x - 66. What is u(17)?
-15
Let f(v) = v**3 - 7*v**2 + 10. Determine f(6).
-26
Let g(b) = -b**3 + 12*b**2 - 9*b - 31. What is g(11)?
-9
Let q(w) = -w**2 + 6*w + 8. Give q(7).
1
Let b(y) = -5*y - 5. What is b(-5)?
20
Let b(p) = -p**3 + 9*p**2 - 6*p. Calculate b(8).
16
Let y(m) = m**2 + 10*m - 72. What is y(-15)?
3
Let o(l) = -13*l + 8. Calculate o(1).
-5
Let y(d) = 12*d - 19. Determine y(4).
29
Let d(x) = -4*x - 4. Calculate d(-9).
32
Let i(f) = -f**3 - 2*f**2 + 22*f + 5. Determine i(4).
-3
Let l(f) = -2*f**3 + 92*f**2 + 100*f - 277. What is l(47)?
5
Let r(x) = -2*x**2 - 20*x - 47. What is r(-8)?
-15
Let q(a) = -a**3 + 10*a**2 - 11*a + 11. Determine q(8).
51
Let r(o) = o - 20. Give r(18).
-2
Let a(s) = 24*s**3 + s**2 + s - 1. Give a(1).
25
Let t(z) = -z**3 - 2*z**2 + 15*z + 22. Calculate t(-4).
-6
Let v(t) = -5*t - 13. Determine v(-10).
37
Let b(t) = -t**3 - 5*t**2 + 9*t + 17. Calculate b(-6).
-1
Let q(b) = 6*b - 71. What is q(14)?
13
Let j(x) = x**3 + 16*x**2 + 29*x + 28. Give j(-14).
14
Let d(p) = -p**3 - 8*p**2 - 5*p + 8. Determine d(-7).
-6
Let t(s) = s**3 + 4*s**2 - 4*s + 2. What is t(-5)?
-3
Let y(g) = g + 12. Give y(5).
17
Let b(v) = 2*v**2 - 2*v - 1. What is b(-2)?
11
Let p(u) = u**3 + 9*u**2 - 28*u + 14. What is p(-12)?
-82
Let x(l) = 2*l - 27. What is x(-12)?
-51
Let y(j) = -j**3 + 3*j + 4. Calculate y(3).
-14
Let h(x) = x**2 - 74*x + 997. Determine h(56).
-11
Let b(g) = -g**3 - 13*g**2 - 43*g + 2. Give b(-7).
9
Let h(x) = -x**3 + 3*x**2 - x + 4. Determine h(4).
-16
Let y(z) = 7*z - 139. Determine y(20).
1
Let k(l) = -2*l - 50. What is k(-28)?
6
Let r(f) = -2*f**2 - 18*f + 15. Give r(-9).
15
Let x(p) = p**2 + 18*p - 47. Calculate x(-20).
-7
Let o(r) = -r**2 + 18*r - 5. What is o(18)?
-5
Let g(v) = v**3 + 9*v**2 + 9*v - 3. What is g(-8)?
-11
Let f(d) = -3*d - 17. What is f(-11)?
16
Let q(t) = t**3 - 10*t**2 + 21. What is q(10)?
21
Let j(g) = 2*g**2 + 16*g - 1. What is j(-8)?
-1
Let c(f) = f**3 - 8*f**2 - 18*f - 14. Calculate c(10).
6
Let q(w) = 10*w**3. Calculate q(-1).
-10
Let l(t) = 2*t + 4. What is l(-3)?
-2
Let t(h) = h**3 + h**2 - 39*h + 47. What is t(5)?
2
Let b(i) = -2*i**3 + 4*i**2 - 3*i + 2. Calculate b(2).
-4
Let j(d) = 60*d + 9. Give j(-1).
-51
Let d(h) = -2*h**2 - 36*h - 45. Calculate d(-18).
-45
Let d(p) = 9*p**3 + 1. What is d(1)?
10
Let v(f) = 2*f**3 - 3*f**2 + 3*f - 1. Calculate v(2).
9
Let c(o) = -23*o + 1. Give c(-2).
47
Let x(a) = -a**3 - 56*a**2 - 107*a + 55. What is x(-54)?
1
Let k(t) = 14*t + 12. What is k(4)?
68
Let v(w) = 19*w - 239. What is v(13)?
8
Let f(r) = -5*r**2 + 24*r - 4. What is f(4)?
12
Let y(k) = -5*k**2 + 35*k - 25. Determine y(6).
5
Let p(z) = 2*z**3 - 13*z**2 + z - 8. Determine p(7).
48
Let g(q) = -5*q**3 - 4*q**2 + q + 2. Give g(1).
-6
Let v(j) = -j**3 + 5*j**2 - 2*j - 8. Determine v(4).
0
Let i(p) = 3*p**2 + 10*p - 1. Determine i(-6).
47
Let v(y) = -y**2 - 5*y + 8. Give v(6).
-58
Let d(o) = -3*o**2 + 33*o + 1. Give d(11).
1
Let a(k) = k**2 + 7*k + 9. Determine a(0).
9
Let z(a) = 12*a - 56. Give z(6).
16
Let d(t) = -t**2 + 6*t - 2. Give d(6).
-2
Let p(v) = 2*v**2 - 38*v + 7. Determine p(19).
7
Let q(n) = -n**3 + 11*n**2 - 10*n - 6. What is q(10)?
-6
Let t(f) = -24*f - 170. Give t(-7).
-2
Let a(f) = f**2 + f - 2. Determine a(-4).
10
Let q(w) = -2*w - 23. Determine q(-13).
3
Let r(f) = f - 3. Determine r(4).
1
Let s(a) = -a**2 - 4*a + 5. Determine s(0).
5
Let b(u) = -u**2 - 6*u - 15. Give b(-2).
-7
Let r(o) = o**2 + 4*o - 49. Give r(-10).
11
Let a(n) = -n**3 - 11*n**2 + 2*n + 13. Determine a(-11).
-9
Let b(o) = o**3 + 9*o**2 + 9*o + 11. Determine b(-8).
3
Let q(w) = -w**2 - 4*w + 4. Give q(-6).
-8
Let x(s) = -s**2 + 16*s + 710. Determine x(36).
-10
Let a(c) = -9*c - 45. Determine a(-7).
18
Let t(a) = -a**2 - 6*a + 4. Give t(-7).
-3
Let p(h) = -2*h**3 - 4*h**2 + h - 1. What is p(-4)?
59
Let u(m) = -9*m - 81. What is u(-13)?
36
Let r(d) = 8*d - 289. Give r(38).
15
Let b(g) = g**2 - 8*g + 9. Determin